base 11?
3
-6 (base 15) to base 8
-6
12 (base 9) to base 10
11
Convert 0 (base 9) to base 5.
0
-233 (base 4) to base 3
-1202
What is -b (base 14) in base 3?
-102
2 (base 16) to base 3
2
201 (base 4) to base 11
30
-101 (base 6) to base 14
-29
105 (base 9) to base 10
86
Convert -13 (base 4) to base 5.
-12
What is -4d (base 14) in base 16?
-45
What is 33 (base 14) in base 10?
45
What is 16 (base 7) in base 13?
10
Convert -102 (base 3) to base 8.
-13
Convert 15 (base 8) to base 15.
d
What is -3 (base 13) in base 14?
-3
What is 20222 (base 3) in base 13?
116
What is -12 (base 4) in base 5?
-11
Convert -6 (base 9) to base 7.
-6
Convert 1000 (base 4) to base 3.
2101
Convert 145 (base 14) to base 3.
100112
Convert -201 (base 6) to base 9.
-81
-27 (base 13) to base 11
-30
-106 (base 10) to base 4
-1222
Convert -a (base 14) to base 3.
-101
Convert -38 (base 10) to base 16.
-26
Convert 10 (base 8) to base 4.
20
-7 (base 14) to base 16
-7
2 (base 6) to base 15
2
-12 (base 10) to base 14
-c
What is 11b (base 16) in base 8?
433
What is -53 (base 6) in base 12?
-29
Convert -2 (base 14) to base 7.
-2
-30 (base 5) to base 6
-23
What is -157 (base 8) in base 4?
-1233
Convert -2 (base 5) to base 14.
-2
-28 (base 13) to base 16
-22
Convert 91 (base 10) to base 12.
77
3 (base 14) to base 16
3
What is -6 (base 14) in base 6?
-10
What is 111110 (base 2) in base 13?
4a
Convert 10100 (base 2) to base 11.
19
Convert 10000011 (base 2) to base 14.
95
What is -14 (base 7) in base 6?
-15
Convert 1100 (base 2) to base 7.
15
Convert -cb (base 16) to base 5.
-1303
0 (base 12) to base 4
0
-22 (base 8) to base 2
-10010
102 (base 3) to base 4
23
What is -14 (base 16) in base 6?
-32
0 (base 15) to base 11
0
13 (base 9) to base 4
30
Convert -32 (base 16) to base 2.
-110010
Convert -9 (base 12) to base 14.
-9
10 (base 8) to base 12
8
-1 (base 11) to base 5
-1
Convert -3 (base 15) to base 6.
-3
10 (base 3) to base 8
3
4 (base 13) to base 3
11
Convert 14 (base 13) to base 10.
17
-2 (base 8) to base 14
-2
What is 0 (base 13) in base 4?
0
What is -2 (base 10) in base 11?
-2
Convert -3 (base 14) to base 3.
-10
What is 2 (base 11) in base 13?
2
Convert -143 (base 7) to base 12.
-68
Convert -27 (base 11) to base 5.
-104
-203 (base 4) to base 2
-100011
Convert -2 (base 12) to base 16.
-2
9 (base 15) to base 7
12
What is 1 (base 5) in base 6?
1
Convert 10 (base 7) to base 6.
11
4b (base 15) to base 10
71
-177 (base 9) to base 13
-b8
What is -5 (base 6) in base 4?
-11
What is -4 (base 11) in base 4?
-10
-3 (base 6) to base 8
-3
-17 (base 14) to base 15
-16
What is -3 (base 6) in base 4?
-3
Convert -100 (base 2) to base 4.
-10
Convert 0 (base 2) to base 12.
0
-3d (base 16) to base 9
-67
-1b (base 13) to base 14
-1a
30 (base 16) to base 6
120
Convert 5 (base 14) to base 6.
5
100 (base 2) to base 6
4
3 (base 13) to base 11
3
-148 (base 12) to base 6
-532
4 (base 15) to base 5
4
Convert -3 (base 15) to base 8.
-3
Convert -185 (base 9) to base 11.
-134
8 (base 11) to base 2
1000
What is -20 (base 13) in base 6?
-42
-1 (base 6) to base 2
-1
What is -15 (base 6) in base 9?
-12
-2010 (base 3) to base 5
-212
Convert 3 (base 9) to base 2.
11
What is -3 (base 9) in base 8?
-3
Convert 212 (base 3) to base 10.
23
41 (base 6) to base 14
1b
-4 (base 15) to base 12
-4
What is 2 (base 7) in base 6?
2
Convert 2 (base 14) to base 3.
2
-3 (base 13) to base 2
-11
What is 322 (base 4) in base 16?
3a
What is -50 (base 8) in base 4?
-220
Convert -3 (base 9) to base 12.
-3
What is 2b (base 16) in base 8?
53
Convert 212 (base 3) to base 4.
113
33 (base 6) to base 4
111
Convert 1 (base 2) to base 3.
1
What is 0 (base 15) in base 13?
0
4 (base 10) to base 5
4
Convert -14 (base 6) to base 2.
-1010
What is -11100 (base 2) in base 14?
-20
28 (base 12) to base 9
35
Convert 1 (base 8) to base 11.
1
50 (base 6) to base 14
22
What is 22 (base 4) in base 13?
a
Convert -10010 (base 2) to base 13.
-15
What is -1100 (base 2) in base 14?
-c
What is 2 (base 3) in base 12?
2
Convert -72 (base 8) to base 10.
-58
Convert 22 (base 3) to base 14.
8
Convert -6 (base 10) to base 13.
-6
Convert -61 (base 10) to base 3.
-2021
What is -5 (base 12) in base 5?
-10
-116 (base 8) to base 7
-141
Convert -15 (base 10) to base 8.
-17
5 (base 11) to base 3
12
40 (base 12) to base 9
53
8 (base 11) to base 15
8
What is -134 (base 11) in base 7?
-314
12 (base 16) to base 12
16
Convert 3 (base 6) to base 16.
3
-4 (base 11) to base 4
-10
-1 (base 9) to base 12
-1
Convert -3 (base 8) to base 9.
-3
Convert -55 (base 12) to base 3.
-2102
Convert -403 (base 5) to base 10.
-103
Convert 235 (base 11) to base 5.
2110
What is 1 (base 16) in base 5?
1
What is 1a8 (base 15) in base 10?
383
What is -11 (base 3) in base 12?
-4
Convert 35 (base 8) to base 13.
23
What is -2 (base 15) in base 7?
-2
What is 2 (base 4) in base 14?
2
Convert -7 (base 14) to base 8.
-7
Convert 33 (base 10) to base 2.
100001
What is 4b (base 15) in base 7?
131
Convert 40 (base 8) to base 6.
52
Convert -14 (base 10) to base 7.
-20
What is 5f (base 16) in base 11?
87
What is -100 (base 2) in base 3?
-11
What is -10101 (base 2) in base 13?
-18
What is -1 (base 2) in base 3?
-1
Convert -27 (base 13) to base 15.
-23
What is -1 (base 14) in base 7?
-1
-1c3 (base 14) to base 6
-1411
Convert -155 (base 7) to base 12.
-75
What is -174 (base 8) in base 15?
-84
What is 220 (base 4) in base 13?
31
Convert 6 (base 10) to base 6.
10
What is a1 (base 16) in base 10?
161
Convert -23 (base 7) to base 14.
-13
Convert 8 (base 12) to base 11.
8
Convert 12 (base 5) to base 10.
7
4 (base 9) to base 3
11
What is 1 (base 8) in base 11?
1
Convert 9 (base 11) to base 10.
9
0 (base 5) to base 9
0
What is -17 (base 9) in base 15?
-11
What is -20 (base 4) in base 5?
-13
What is 16 (base 15) in base 7?
30
3 (base 8) to base 11
3
Convert 116 (base 8) to base 16.
4e
What is 112 (base 4) in base 16?
16
455 (base 7) to base 15
10b
Convert -4 (base 8) to base 15.
-4
Convert -11 (base 4) to base 7.
-5
Convert 0 (base 16) to base 11.
0
What is -2 (base 8) in base 12?
-2
What is -36 (base 9) in base 14?
-25
Convert -a (base 12) to base 4.
-22
Convert 11 (base 4) to base 9.
5
What is 12 (base 4) in base 5?
11
What is 213 (base 4) in base 9?
43
Convert 100 (base 5) to base 16.
19
-23 (base 10) to base 13
-1a
Convert 1 (base 10) to base 5.
1
What is -1000100 (base 2) in base 8?
-104
What is 3 (base 13) in base 5?
3
Convert 1 (base 9) to base 4.
1
Convert -246 (base 7) to base 16.
-84
-122 (base 13) to base 15
-d2
-4 (base 11) to base 3
-11
Convert 117 (base 9) to base 6.
241
-1 (base 3) to base 16
-1
What is -22 (base 5) in base 3?
-110
Convert 60 (base 12) to base 3.
2200
Convert 6 (base 14) to base 6.
10
Convert 1 (base 6) to base 9.
1
What is -3 (base 11) in base 8?
-3
114 (base 12) to base 11
136
What is -1 (base 2) in base 13?
-1
Convert -121 (base 3) to base 15.
-11
What is 0 (base 11) in base 6?
0
-7 (base 11) to base 5
-12
-1 (base 9) to base 5
-1
Convert 11111 (base 2) to base 9.
34
26 (base 8) to base 2
10110
-21 (base 10) to base 16
-15
Convert 12 (base 5) to base 3.
21
2 (base 13) to base 2
10
-40 (base 6) to base 7
-33
Convert -bd (base 14) to base 6.
-435
-3 (base 4) to base 3
-10
What is -1 (base 13) in base 12?
-1
125 (base 8) to base 15
5a
Convert -2 (base 14) to base 8.
-2
Convert -30 (base 4) to base 2.
-1100
Convert 1112 (base 3) to base 15.
2b
What is 130 (base 5) in base 3?
1111
Convert -10 (base 6) to base 14.
-6
-101 (base 3) to base 10
-10
What is -12 (base 14) in base 8?
-20
19 (base 10) to base 2
10011
Convert -a (base 14) to base 7.
-13
What is 36 (base 11) in base 10?
39
What is 71 (base 8) in base 6?
133
Convert 12 (base 5) to base 16.
7
-6 (base 14) to base 12
-6
11 (base 12) to base 6
21
What is 0 (base 12) in base 10?
0
Convert 10120 (base 3) to base 9.
116
1 (base 8) to base 15
1
31 (base 14) to base 10
43
Convert -73 (base 8) to base 9.
-65
21 (base 4) to base 14
9
Convert -a (base 11) to base 8.
-12
-2 (base 14) to base 12
-2
What is -20 (base 7) in base 9?
-15
-7d (base 15) to base 8
-166
What is 222 (base 3) in base 15?
1b
Convert 3 (base 16) to base 2.
11
Convert -5 (base 12) to base 13.
-5
Convert 2 (base 13) to base 3.
2
Convert 12 (base 9) to base 14.
b
-15 (base 13) to base 12
-16
Co